 4164 is divided by 524.
496
What is the remainder when 32222 is divided by 14?
8
What is the remainder when 126439 is divided by 218?
217
What is the remainder when 329621 is divided by 217?
215
Calculate the remainder when 1693 is divided by 343.
321
What is the remainder when 46800 is divided by 2600?
0
Calculate the remainder when 363854 is divided by 74.
70
What is the remainder when 55027 is divided by 10?
7
Calculate the remainder when 141837 is divided by 341.
322
What is the remainder when 8175 is divided by 221?
219
What is the remainder when 2573 is divided by 736?
365
What is the remainder when 4195 is divided by 1265?
400
Calculate the remainder when 11368 is divided by 271.
257
What is the remainder when 16616 is divided by 81?
11
Calculate the remainder when 5853 is divided by 5780.
73
Calculate the remainder when 90681 is divided by 317.
19
What is the remainder when 35621 is divided by 32?
5
What is the remainder when 43923 is divided by 27?
21
Calculate the remainder when 4597390 is divided by 16.
14
Calculate the remainder when 11754 is divided by 249.
51
Calculate the remainder when 7732 is divided by 7555.
177
What is the remainder when 5532 is divided by 48?
12
Calculate the remainder when 4982 is divided by 138.
14
Calculate the remainder when 144888 is divided by 1317.
18
Calculate the remainder when 43842 is divided by 1096.
2
Calculate the remainder when 2083 is divided by 682.
37
What is the remainder when 9656 is divided by 3149?
209
What is the remainder when 5881 is divided by 366?
25
What is the remainder when 191 is divided by 35?
16
What is the remainder when 11419 is divided by 81?
79
Calculate the remainder when 3574 is divided by 1139.
157
What is the remainder when 51774 is divided by 19?
18
What is the remainder when 758258 is divided by 200?
58
Calculate the remainder when 38386 is divided by 234.
10
What is the remainder when 84523 is divided by 120?
43
Calculate the remainder when 38093 is divided by 18877.
339
Calculate the remainder when 2308649 is divided by 150.
149
Calculate the remainder when 250 is divided by 187.
63
What is the remainder when 108521 is divided by 76?
69
Calculate the remainder when 73954 is divided by 6.
4
What is the remainder when 11284 is divided by 5642?
0
Calculate the remainder when 2343 is divided by 107.
96
What is the remainder when 11791 is divided by 1684?
3
Calculate the remainder when 5193979 is divided by 927.
925
What is the remainder when 33921 is divided by 127?
12
What is the remainder when 76828 is divided by 904?
892
Calculate the remainder when 149668 is divided by 30.
28
What is the remainder when 48603 is divided by 48597?
6
What is the remainder when 21083 is divided by 25?
8
What is the remainder when 10728 is divided by 275?
3
Calculate the remainder when 21593 is divided by 10790.
13
What is the remainder when 2789 is divided by 67?
42
Calculate the remainder when 9321 is divided by 97.
9
What is the remainder when 8620 is divided by 2732?
424
Calculate the remainder when 886367 is divided by 19.
17
Calculate the remainder when 28860 is divided by 451.
447
Calculate the remainder when 45359 is divided by 270.
269
What is the remainder when 2589411 is divided by 1074?
1071
Calculate the remainder when 522 is divided by 324.
198
What is the remainder when 3007 is divided by 672?
319
Calculate the remainder when 711400 is divided by 617.
616
Calculate the remainder when 237086 is divided by 35.
31
What is the remainder when 5393 is divided by 32?
17
What is the remainder when 9281 is divided by 772?
17
What is the remainder when 192746 is divided by 150?
146
Calculate the remainder when 113366 is divided by 37.
35
Calculate the remainder when 2184 is divided by 364.
0
What is the remainder when 80137 is divided by 16016?
57
Calculate the remainder when 712 is divided by 228.
28
What is the remainder when 15759 is divided by 15749?
10
What is the remainder when 2182 is divided by 115?
112
What is the remainder when 13447 is divided by 201?
181
Calculate the remainder when 6243 is divided by 196.
167
Calculate the remainder when 24155 is divided by 2424.
2339
Calculate the remainder when 71801 is divided by 482.
465
Calculate the remainder when 60176 is divided by 2.
0
What is the remainder when 10096 is divided by 2523?
4
Calculate the remainder when 1406012 is divided by 861.
860
Calculate the remainder when 3497 is divided by 387.
14
What is the remainder when 3287 is divided by 992?
311
What is the remainder when 37512 is divided by 183?
180
Calculate the remainder when 1106 is divided by 595.
511
What is the remainder when 1708 is divided by 1457?
251
Calculate the remainder when 57346 is divided by 14323.
54
Calculate the remainder when 3271 is divided by 1329.
613
Calculate the remainder when 1660 is divided by 137.
16
Calculate the remainder when 6375 is divided by 467.
304
Calculate the remainder when 5455812 is divided by 11.
10
Calculate the remainder when 82807 is divided by 245.
242
What is the remainder when 206517 is divided by 206488?
29
What is the remainder when 65252 is divided by 240?
212
Calculate the remainder when 23408 is divided by 3340.
28
What is the remainder when 6998 is divided by 121?
101
What is the remainder when 8818 is divided by 952?
250
Calculate the remainder when 29134 is divided by 9.
1
Calculate the remainder when 109363 is divided by 19.
18
Calculate the remainder when 3172 is divided by 168.
148
What is the remainder when 13373 is divided by 479?
440
Calculate the remainder when 2068 is divided by 198.
88
Calculate the remainder when 427172 is divided by 319.
31
Calculate the remainder when 24209 is divided by 4.
1
What is the remainder when 4316 is divided by 394?
376
What is the remainder when 9324 is divided by 306?
144
What is the remainder when 4077 is divided by 74?
7
What is the remainder when 423410 is divided by 958?
932
What is the remainder when 4061 is divided by 93?
62
What is the remainder when 103151 is divided by 11460?
11
What is the remainder when 28027 is divided by 23?
13
What is the remainder when 11684 is divided by 11659?
25
Calculate the remainder when 695 is divided by 238.
219
Calculate the remainder when 11173 is divided by 2778.
61
What is the remainder when 3079131 is divided by 1374?
1371
What is the remainder when 9911 is divided by 53?
0
Calculate the remainder when 5363 is divided by 1733.
164
Calculate the remainder when 3005 is divided by 28.
9
What is the remainder when 43151 is divided by 50?
1
What is the remainder when 46997 is divided by 331?
326
What is the remainder when 1106 is divided by 148?
70
Calculate the remainder when 7391 is divided by 84.
83
What is the remainder when 1589 is divided by 371?
105
Calculate the remainder when 102501 is divided by 102488.
13
Calculate the remainder when 1279704 is divided by 209.
206
What is the remainder when 68014 is divided by 57?
13
What is the remainder when 4621 is divided by 1533?
22
Calculate the remainder when 26246 is divided by 50.
46
What is the remainder when 23681 is divided by 194?
13
What is the remainder when 30620 is divided by 502?
500
Calculate the remainder when 1068849 is divided by 218.
213
What is the remainder when 610348 is divided by 228?
220
Calculate the remainder when 26554 is divided by 831.
793
What is the remainder when 53268 is divided by 141?
111
What is the remainder when 1496 is divided by 577?
342
Calculate the remainder when 31517 is divided by 4476.
185
Calculate the remainder when 409658 is divided by 3939.
2
What is the remainder when 5446 is divided by 364?
350
What is the remainder when 31247 is divided by 9?
8
What is the remainder when 36389 is divided by 683?
190
Calculate the remainder when 19829 is divided by 202.
33
What is the remainder when 12290 is divided by 439?
437
Calculate the remainder when 176658 is divided by 20.
18
What is the remainder when 99177 is divided by 29?
26
What is the remainder when 26582 is divided by 286?
270
What is the remainder when 263337 is divided by 132?
129
What is the remainder when 49641 is divided by 53?
33
Calculate the remainder when 8167 is divided by 3708.
751
What is the remainder when 13208 is divided by 4386?
50
What is the remainder wh